(-32)*(1 + -3). Suppose -2*b = -3*r - y, 9*r + 15 = i*r. What is the units digit of b?
1
What is the tens digit of 2/1*(-4)/16*-1322?
6
Let p(g) = g**3 + 5*g**2 + 3. Let k be p(-5). Suppose k*f - 45 = 3*z, -3*f + 5*z = -15 - 20. Suppose -y + 7 + f = 0. What is the tens digit of y?
2
Let v = -27 - -29. Suppose -5*m = -10, -p - v*m + 108 + 29 = 0. What is the hundreds digit of p?
1
Let x = 819 - 372. What is the hundreds digit of x?
4
Let h(z) = 8*z**3 - 3*z**2 + 14*z - 15. What is the hundreds digit of h(4)?
5
Let l(z) = -z - 7. Let x be l(7). Suppose 16*w - 21*w + 210 = 0. Let m = w + x. What is the units digit of m?
8
Suppose -g + 47 = -19. What is the units digit of g?
6
Suppose 4*x - 54 = -3*d, 3*x + 2*d - 5*d - 30 = 0. Let n(q) = q - 8. Let b be n(x). Suppose b*u - 5 = 2*m - 3*m, -4*m + u = -3. What is the units digit of m?
1
What is the units digit of (7563/(-18))/((-36)/216)?
1
Let f(s) = s**3 - 5*s**2 + s. Let a be f(5). Suppose -9 - 6 = a*n. What is the tens digit of n + ((-41)/(-1) - 3)?
3
Suppose -48 = z - 2*p, -5*z + 6*p = p + 230. Let g = z + 109. What is the units digit of g?
5
Suppose -5*i + 2*i - 17 = 5*w, -2*w = 5*i + 22. What is the units digit of ((-551)/(-57))/(w/(-3))?
9
Let o = -32 - -37. Suppose 0*y + 2*i = o*y - 324, 2*i = -4. What is the tens digit of y?
6
Suppose 2*k + 3*h = 9, -5*k - 5*h = -16 - 14. Let u = k - 5. Suppose -u*p + 84 = -0*p. What is the units digit of p?
1
Suppose 2772 = 11*w + 737. What is the hundreds digit of w?
1
Let s be ((-1)/2)/((-1)/(-8)). Suppose 10*b + 26 = -4. What is the units digit of s/((-4)/(-72)*b)?
4
Let l = -51 + 1002. What is the units digit of l?
1
Suppose -l = -5*w - 70, 5*l + w - 238 = -2*w. Let d = l - 16. What is the units digit of d?
4
Suppose 3*l = 2*l. Suppose l = 4*h - 5*h + 3. Suppose h*a = -0*a + 105. What is the tens digit of a?
3
Let x(y) = 18*y**2 + y - 1. Let a(s) = s**3 - 5*s**2 - s + 6. Let w be a(5). Suppose -w = -2*v + 1. What is the units digit of x(v)?
8
Suppose -11*c - 4*c = -9000. What is the tens digit of c?
0
Let j be 2 + -1 + 2 + -51. Suppose -3*i + 4*h + 290 = 0, 9*i - 5*h = 6*i + 286. Let l = i + j. What is the tens digit of l?
5
Suppose 3*v = -5*d - 187, 0 = -4*v - 5*d - 0*d - 241. Let f = v + 115. What is the tens digit of f?
6
What is the hundreds digit of (4 - (4 - -4) - -522)/2?
2
What is the tens digit of 88/(-396) + (-187532)/(-36)?
0
Let j(z) = 6*z + 16. Let b be j(21). Suppose p - 4*w = 136, p + w + w - b = 0. What is the tens digit of p?
4
Let w(p) = -19*p + 2. What is the tens digit of w(-7)?
3
Let x(f) = -f**3 + 9*f**2 - 7*f + 1. Let m be 7/1 - (7 + -7). What is the units digit of x(m)?
0
Suppose 17*k = 11694 + 12820. What is the thousands digit of k?
1
Suppose -10*n + 2298 = -2942. What is the units digit of n?
4
Let h(f) be the second derivative of -f**5/20 - f**4/6 + f**3/6 + 2*f. Let y be h(1). What is the units digit of 1/y*140/(-7)?
0
Let d(v) = v**2 - 4*v - 10. Suppose 38*h - 36*h = 58. Suppose -3*w + 21 = 3*k, -4*w + w - k + h = 0. What is the units digit of d(w)?
7
Suppose 696 = -7*i + 4658. What is the hundreds digit of i?
5
What is the tens digit of ((-16)/(-5))/((4 + -7)/(-150))?
6
Suppose 4*z + 48 = -c + 5*c, 0 = -2*z - 4. Let u = c - 12. What is the tens digit of 3*u + 3 - -20?
1
Let v(r) = 2*r**2 - 20*r - 12. Let c be v(11). What is the units digit of c/(-5)*135/(3*-1)?
0
Suppose -64*u + 60030 = -41*u. What is the thousands digit of u?
2
Let m = 455 - -1284. What is the units digit of m?
9
Let b = 537 + -30. What is the hundreds digit of b?
5
Suppose 979 = -0*q + 4*q + z, 5*z + 717 = 3*q. Suppose -3*j + 4*n - n + 375 = 0, -n + q = 2*j. What is the hundreds digit of j?
1
Let p = -173 + 326. Suppose 0*t + 255 = 5*u - 2*t, -p = -3*u - 3*t. What is the units digit of u?
1
Let k be 64/(-4)*(-1)/2. Suppose 40 = 5*q + 5*a, 0 = 4*q - 3*a + k*a - 32. Suppose -5*h + q = -37. What is the units digit of h?
9
Let q = 9 + -7. Suppose -h = 2*u - 2, 3*h + 10 = u - 5. Suppose -q - u = t, 5*n - 210 = -2*t. What is the tens digit of n?
4
Let u(b) = 224*b. Let j be u(2). Suppose 0 = 3*l + q - j, -l - 4*q + 608 = 3*l. What is the hundreds digit of l?
1
Suppose 3*g + 4*y = g + 1768, -3*y + 3561 = 4*g. What is the units digit of ((-8)/16)/((-3)/g)?
9
Let f(t) = -t**3 + t**2 + 5*t + 2. Let h(y) = y**3 - 7*y**2 + 7*y - 8. Let p be h(6). What is the units digit of f(p)?
4
Let v = 2226 - 1887. What is the hundreds digit of v?
3
Let g(w) = -8*w + 20. Let m be g(5). What is the units digit of (-10)/4*744/m?
3
What is the tens digit of (2 - 3) + 11/(-2)*-210?
5
Suppose -2*l = 1636 - 612. Let t = 721 + l. What is the tens digit of t?
0
Suppose 4*r + 5 - 13 = 0. Let q = -5 - r. What is the units digit of (4/(-7))/(2/q)?
2
Suppose -17 = -2*u - 2*u + k, -25 = 5*k. Suppose -o - o + 56 = -a, -u*o - 3*a = -84. What is the tens digit of o?
2
Let b = -602 + 993. What is the units digit of b?
1
What is the hundreds digit of 1001 - (276/84 + (-6)/21)?
9
Let w = 7 - -16. Let j = -51 + 56. Suppose -w = -j*x + 12. What is the units digit of x?
7
Let t(w) = -w**3 + 4*w**2 - w - 2. Let i be t(2). What is the units digit of i*1*248/32?
1
Let k be 13/(-1) - (10 + -9). Let u be 6/k - 597/(-21). Suppose -9*m + u = -8*m. What is the units digit of m?
8
Let l(d) = 7*d**2 - 97*d - 48. What is the thousands digit of l(22)?
1
Let j be ((-8)/(-12))/(2/90). Suppose -4*m - m = -j. What is the tens digit of 4/m + (-80)/(-6)?
1
Let k be (-210)/66 + (-4)/(-22). Let d(c) = -c**3 + c**2 + c + 2. What is the units digit of d(k)?
5
Suppose 10*o = 8*o + 284. Let r = o + 7. What is the hundreds digit of r?
1
Let q = -478 + 886. What is the tens digit of q?
0
Let d(z) = -328*z + 53. What is the hundreds digit of d(-5)?
6
Let r be (-194)/(-10) + (-6)/15. Suppose 4*k = -5*p + 113 - 9, k + 3*p = r. What is the units digit of k?
1
Let q(o) = o**3 + 12*o**2 - 18*o + 67. What is the units digit of q(8)?
3
Let d = -582 - -1560. What is the units digit of d?
8
Let i(h) = -h**3 - 2*h**2 + 8*h + 5. Let f be (-6)/(-9)*(-5 - 1). What is the units digit of i(f)?
5
Let f(x) be the first derivative of x**3/3 - 3*x**2/2 - 5*x + 5. Let s be f(4). What is the units digit of (s/(-3))/(1/9)?
3
Let v(p) = -2*p + 11. Let m be v(4). Suppose 2*f + 247 = m*f. What is the units digit of f?
7
Suppose 44*k - 51*k + 11151 = 0. What is the thousands digit of k?
1
Let z = -1 + -7. What is the tens digit of 6 - 3 - (z + -1)?
1
Suppose -3*n - n = 0. Let l = 1 - n. Let v(u) = 21*u**2 - u. What is the units digit of v(l)?
0
Let x(a) = a**3 + 8*a**2 - 3*a + 12. Let i be x(-9). What is the tens digit of (-3 - -21)*i/(-9)?
8
Let o = 33 + 9. Suppose -o = -5*f - w + 396, -4*f + 362 = -5*w. What is the tens digit of f?
8
Let v be 1 + 0 + -1 - -3. Suppose v + 1 = t. Suppose -3*b + t*l = -7*b + 84, -21 = -b + 2*l. What is the units digit of b?
1
Let y = 1990 - 1156. What is the tens digit of y?
3
Let x be (1/2)/((-18)/1188). Let v = -31 - x. Suppose -2*s + 24 = 4*t, -v*s + 36 = 3*s - 2*t. What is the units digit of s?
8
Suppose 7*r = 2431 + 1622. What is the units digit of r?
9
What is the hundreds digit of 15/(-25) + 30852/20?
5
Let d = 1876 - 1247. What is the tens digit of d?
2
Suppose -48 = -c + 2*c. Let k = 97 + c. What is the tens digit of k?
4
Let f be 1*0*1/2. Suppose f = -3*p - p + 680. Suppose 5*a + b - p = -0*a, 2*a + 5*b - 68 = 0. What is the tens digit of a?
3
Suppose 0*j - 12 = 4*j. Let i be (9/(-6))/(j/8). Let y = i + 2. What is the units digit of y?
6
Let w be (-2)/2 + (1 - 0). Suppose -2*a = -4*u + 4 + 4, w = -4*u - 3*a + 28. Suppose u*f - 9 = 79. What is the units digit of f?
2
Suppose 6*m = 89 - 365. What is the units digit of (m/(-3))/((-1)/(-6))?
2
Let j(o) = -6*o + 56. Let z be j(-21). Let q = z - 66. What is the hundreds digit of q?
1
Let z(i) = -8*i + 16. Let h be (-12)/(-8)*(80/3)/(-5). What is the tens digit of z(h)?
8
Let b = 58 - 21. Let c = 34 + b. What is the tens digit of c?
7
Let w(y) = -5*y**3 - 2*y**2 - y. Let f be w(-1). Suppose -m + f*q + 25 = 2*m, 1 = -m - q. Suppose -l - m*l = -12. What is the units digit of l?
3
Let s(i) = 164*i**2 + 61*i + 257. What is the tens digit of s(-6)?
9
Let c = 83 - 59. Suppose b - c = 102. What is the tens digit of b?
2
Let l(m) = -12*m + 19. Let y(k) = 6*k - 9. Let g(